 Let m(z) = 6*z + z**3 - 8*z**2 + 1 - h*z + 3*z**2. Give m(3).
-5
Let j be (-24)/16*62/(-3). Suppose 5*z + 1 - j = 0. Let q(y) = -y + 8. Determine q(z).
2
Let c(n) = -8*n**3 + n. Let g(a) = a**3 + 4*a**2 - 7*a - 4. Suppose 4*p - 2*p = 4*z - 26, -5*p - 13 = 3*z. Let m be g(p). Suppose -4 + m = -2*r. Determine c(r).
7
Let s be (-3 - -3) + -1 + 3. Let c(i) = -4*i**2 + 5*i - 3 - 4*i**2 + 5*i**s + 4*i**2. Suppose 0 = -3*b - 5 - 13. What is c(b)?
3
Suppose -j - 3*z - 6 = 0, 3*j - 8 - 4 = z. Suppose -j*v = -4*v. Let p(a) be the third derivative of -a**5/60 - 4*a**2. Calculate p(v).
0
Let i(t) = 2*t - 9. Let m = -2 + -3. Let c(n) = -n + 4. Let x(a) = m*c(a) - 3*i(a). What is x(4)?
3
Let d(t) = -t**2 - 5*t - 4. Let m be ((-81)/6)/((-6)/8). Let n = 13 - m. Determine d(n).
-4
Let i(b) be the third derivative of b**4/24 - b**3/3 - 11*b**2. Calculate i(-7).
-9
Let h(q) = -q**3 - 4*q**2 - 5*q - 7. Let s be h(-3). Let g(z) = 2*z - 6*z + 0*z. Determine g(s).
4
Let z(o) = -7*o**3 + 2*o**2 + 2*o + 1. Let j be z(-1). Let x(i) = j*i + 0*i**2 - 2*i - i**2 + 0*i**2. Calculate x(5).
5
Let p(c) = -3*c**2 - 15*c - 13. Let x(a) = -5*a**2 - 23*a - 20. Suppose -23 - 2 = 5*v. Let u(w) = v*x(w) + 8*p(w). Calculate u(6).
2
Suppose 2*x + 3*v = -35, 4*x + 60 = -2*v - 2*v. Let c(w) = w + 9. What is c(x)?
-1
Let u(k) = -2*k + 19. Let m be u(11). Let o(r) = -r**3 - 2*r**2 + r - 1. Determine o(m).
5
Let p(y) be the third derivative of y**4/24 + y**3/3 - 36*y**2. What is p(4)?
6
Let p(l) = l**2 + 9*l + 10. Suppose -24 = -9*h - 96. Give p(h).
2
Let t(o) be the second derivative of 2*o**3/3 + o**2/2 - o. Let m be 1/(2 - 10/2 - -2). What is t(m)?
-3
Suppose 3*v = -50 + 44. Let h(g) = -g**2 + g + 1. Let o(r) = 2*r**2. Let w(q) = -2*h(q) - 2*o(q). What is w(v)?
-6
Let u(j) be the first derivative of j**4/24 + 11*j**3/6 + 9*j**2/2 - 2. Let a(z) be the second derivative of u(z). What is a(-6)?
5
Let x be 12/8 + 11/(-2). Let c(y) = y + 3. Calculate c(x).
-1
Let h(k) = k**3 - 5*k**2 + 5*k - 7. Let p(n) be the second derivative of -n**5/20 + 5*n**4/12 - n**3 + 7*n**2/2 - 2*n. Let m(t) = 4*h(t) + 3*p(t). What is m(5)?
3
Let l(z) be the first derivative of -z**4/4 - 10*z**3/3 + z**2/2 + 14*z + 14. Determine l(-10).
4
Let k be 3 + (-4 - 3/1). Let y(u) = u**3 + 4*u**2 - u - 1. What is y(k)?
3
Let q = -1 - -5. Suppose p + 3*p = -3*t + q, -2*t - 4*p + 4 = 0. Let u be 1 - 5/(1 + t). Let k(a) = 3*a + 6. Determine k(u).
-6
Let u = 13 + -3. Suppose 0 = -8*x + 3*x + u. Let v(o) = 0*o + 7*o - 5*o. Give v(x).
4
Let t(m) = m**2 + 3*m - 6. Let y be t(-5). Let q(z) = z**2 - z**2 + 2 + z**2 - 6*z. Give q(y).
-6
Let z be 10/35 - (-60)/(-14). Let j(q) be the third derivative of q**5/60 + 5*q**4/24 - q**3/2 - 2*q**2. What is j(z)?
-7
Suppose -5*y + m - 30 = 0, 0 = -0*y + 2*y + 2*m. Let h(p) = 4*p + 2. Give h(y).
-18
Let q(t) = -10*t**2 + 15*t - 1. Let h(z) = 3*z**2 - 5*z. Let k(m) = -7*h(m) - 2*q(m). What is k(5)?
2
Let s(y) = 9*y + 4. Let x(t) = -8*t - 4. Let r(j) = 4*s(j) + 5*x(j). Let w(f) = 2*f + 2. Let p(c) = 2*r(c) + 5*w(c). Determine p(2).
6
Suppose 0*x + 2*x = 4*o - 16, -3*x + 11 = o. Let j(d) = 4 - d - x + 1. Let g = -1 - -1. Calculate j(g).
3
Suppose u + 4*c - 1 = -4, 2*u + 3*c = -26. Let t = 19 + u. Let a(x) = x**3 - x + 3. Determine a(t).
3
Let v(f) = -f - 11. Suppose 3*z + 20 = -k, 0 = 4*k + 1 - 5. What is v(z)?
-4
Let a(u) = 3*u + u + 0 + 1. Let i(y) = -y. Let q(s) = -2*a(s) - 9*i(s). Let k be 2/5 + 54/(-10). Determine q(k).
-7
Let a(p) be the first derivative of p - 1/2*p**2 - 2 + 1/2*p**4 + 1/3*p**3. Give a(1).
3
Let h(w) = -w**3 - 2*w**2 - 2*w - 2. Let v be h(-2). Let y(k) = -2*k + 9 - v*k - 12. Let i be ((-3)/(-6))/((-2)/8). Give y(i).
5
Let y(q) be the second derivative of -q**5/20 - 7*q**4/12 - 5*q**3/6 + 3*q**2/2 + 12*q. Calculate y(-6).
-3
Let q(i) = -i - 1. Let y(t) = -t. Let l(h) = -15*h. Let s(k) = l(k) - 18*y(k). Let u(b) = -2*q(b) - s(b). Determine u(5).
-3
Let g(c) = -5*c**3 - 5*c**2 - 7*c + 14. Let v(b) = 3*b**3 + 3*b**2 + 4*b - 7. Let w(y) = 4*g(y) + 7*v(y). Suppose 0*l = -l + 7. Let m = -7 + l. Determine w(m).
7
Let x(v) be the third derivative of -v**4/8 - v**3/6 - 14*v**2. Suppose 3*g + 5 - 2 = 0. What is x(g)?
2
Let o(v) = -v**3 + v + 4. Let u(r) = r**3 - 3*r**2 + 3*r - 2. Let d be u(2). Let b be 2/4*d/(-2). Give o(b).
4
Let k = 16 - 11. Let t(c) = 4*c - 6. What is t(k)?
14
Suppose -2*z = -5*z + 5*l + 4, 2*l + 8 = -2*z. Let w(y) = -y**3 - y**2 - 1. Let h(k) = 4*k**3 + 5*k**2 + 2*k + 5. Let r(g) = h(g) + 6*w(g). What is r(z)?
7
Suppose -a + 22 = m, -4*a + 67 = m + 2*m. Let x = m - 21. Let b(f) = -f - 1. Let o(n) = 4*n + 14. Let j(t) = -5*b(t) - o(t). What is j(x)?
-9
Let z(y) be the third derivative of -y**6/120 - y**5/60 + y**4/24 - y**3 + 4*y**2. Determine z(0).
-6
Let y(v) be the second derivative of -v**3/2 - v**2 - 4*v + 4. Give y(-3).
7
Let a(z) be the third derivative of 0*z + 1/60*z**5 + 5*z**2 + 0 + 0*z**3 - 5/24*z**4. What is a(4)?
-4
Let m(q) be the third derivative of q**5/15 - q**4/12 + q**3/6 + 13*q**2 + q. What is m(2)?
13
Let g = 3 - 1. Suppose -7 = -g*v - 15. Let d(n) = -4*n - 4. Determine d(v).
12
Let y(x) be the first derivative of -1/4*x**4 + 3*x - x**3 - 1/2*x**2 - 2. Determine y(-3).
6
Let p(k) be the second derivative of k**5/20 - k**4/3 + k**3/6 + k**2/2 + 2*k. Let g(m) = -m**2 + 4*m + 1. Let b be g(2). Suppose q = b - 1. What is p(q)?
5
Let t = 13 + -5. Let g(r) = -r**3 + 8*r**2 + 8. Determine g(t).
8
Let l(s) = -72*s + 38*s - 2 + 33*s - 1. Suppose 4*f - f + 6 = 0. Let v be (1 + 2 + f)*-5. What is l(v)?
2
Let l(n) = -3*n**2 - 4*n - 1. Let k(f) = -2*f**2 - 2*f. Let v(b) = 5*k(b) - 3*l(b). Give v(-3).
-12
Let p(m) = -5*m**3 - 11*m**2 - 5*m + 1. Let z(u) = -6*u**3 - 12*u**2 - 5*u. Let a(q) = 5*p(q) - 4*z(q). Suppose -r - 8 = -2. Determine a(r).
-1
Let d(l) = -28*l + 3 + 10*l + 12*l. Determine d(2).
-9
Let q(i) = i**2 + 4. Let p = -8 - -11. Suppose 2*y - 5*y + 5*z = -5, p*y = 2*z + 2. What is q(y)?
4
Let r = -4 - -12. Let u(q) be the first derivative of q**3/3 - 7*q**2/2 - 7*q + 1. Let h be u(r). Let k(j) = 9*j**3 - 2*j**2 + j. What is k(h)?
8
Let i(l) = 0 - 9*l**2 - 5 + 10*l**2 - 1 + 4*l. Calculate i(-5).
-1
Let f = 3 + -2. Let x(c) = -4*c**2 - 3*c**2 - f + c**2 - 5*c + 7*c**2. Determine x(6).
5
Let g(u) = -u**2 - 3*u + 4. Let j(f) = f**2 + 8*f + 3. Let h = -7 - 0. Let s be j(h). What is g(s)?
0
Let d(l) be the first derivative of 2 + 2*l + 3/2*l**2. Calculate d(-4).
-10
Let a(g) = -5*g + 0 + 7*g - 3*g + 3. Give a(-4).
7
Let b(f) be the third derivative of f**5/60 - f**4/24 - 2*f**3/3 + 19*f**2. What is b(4)?
8
Let p(f) = -4*f + 5. Let c(w) = -5*w + 6. Let o(n) = -5*c(n) + 6*p(n). Let k = -18 + 17. Determine o(k).
-1
Let x(h) = -5*h**3 + 4 - 5*h**2 + 4*h**3 - 1. Let v be 2/3*9*-1. Let t be 3 + (v - 6/3). Determine x(t).
3
Let f(m) = -1 - 2*m + 2*m + 3*m - 2*m. Calculate f(0).
-1
Let m(j) = -j - 3. Let t = 6 - 12. Let n be m(t). Let h(k) = k**3 - 3*k**2 + 3*k. Calculate h(n).
9
Let w = 1 + -3. Suppose c - 8 = -3*c. Let y(o) = -3*o**c + 4*o**2 - o + 0*o**2. Determine y(w).
6
Let s(x) = x**3 + 4*x**2 - x + 2. Let l = -5 - -4. Let h = 1 + l. Let w be h + -2*(-1 - -3). Determine s(w).
6
Let f(k) = -k**2 - 6*k + 2. Suppose p = -3*i + 4, 5*i + 0*i = 4*p + 35. Suppose i*o - 6 = 0, 4*o = 2*n - 3*n + 3. Give f(n).
7
Let k(d) = -3*d**2 - 3*d + 8. Let s(b) = 2*b - 2*b - 3 + b**2 + b. Let u(z) = -3*k(z) - 8*s(z). Give u(1).
2
Let x(b) = -10*b**2 - 22*b - 4. Let k(a) = 7*a**2 + 15*a + 3. Let h(j) = 7*k(j) + 5*x(j). Give h(-6).
-5
Let p(w) = w**2 - 3*w - 4. Let z(m) = m - 5. Let x be z(7). Suppose 2*g + 4*k = 26, -4*g + x*k = -4 - 8. Suppose -6*n = -n + g*s - 30, 2*n = 4*s. What is p(n)?
0
Let p(s) = 3*s**3 - 2*s**2 + 2*s**2 + s**2. Suppose 5*c = 5*x, 3*c + x + 24 = -2*x. Let b be (-1 - -2) + (-4 - c). What is p(b)?
4
Let f(b) = -4*b**3 - 6*b**2 + 5*b - 2. Let l(m) = -5*m**3 - 7*m**2 + 6*m - 2. Let s(o) = 4*f(o) - 3*l(o). Suppose r + 0*r = -3. Give s(r).
-8
Let f(s) = -9 + 8*s - 50*s**2 + 8 + 49*s**2. What is f(9)?
-10
Let n(j) = j + 1. Suppose 0 = m - 5*w - 26, -5*w = 3*m - 3*w + 7. Let g = m - 3. Calculate n(g).
-1
Let c(n) = n**3 + 2*n**2 + n - 8. Let t(b) be the third derivative of b**6/40 + b**5/12 + b**4/12 - 17*b**3/6 + 4*b**2. Let x(m) = 5*c(m) - 2*t(m). Giv